 - 3) - -3?
3
6 - 4 - 1 - -7 - 23
-15
What is 10 + (-2 - -11 - 14) - -21 - 7?
19
34 - (-11 - 25 - -46)
24
What is 12 + 4 - 1 - 18?
-3
Evaluate 10 + 4 + (-11 - -11) + 1.
15
Calculate -13 + (12 - (-1 + 6)) + -7.
-13
Calculate (5 - 5) + (13 - (4 - (7 + -5))).
11
(-1 - -2) + -8 + 58 + -57 - -5
-1
Calculate -9 + -2 + (2 + 1 - (-7 - -7)).
-8
(1 + 13 - 12) + -8 + -2
-8
What is the value of (73 - 56) + (2 - 39)?
-20
Calculate 1 + (14 - (34 + -4 - -7)).
-22
Calculate -28 + -16 + 13 + 21.
-10
What is 10 + (10 - 13) - 10?
-3
Evaluate -2 + -5 + -8 + 9 + (1 - -17).
12
6 + -1 - (-12 - (-18 - 9))
-10
What is the value of -120 + 125 + (-2 - 1)?
2
What is -11 + (-3 - (-3 + 3) - 0)?
-14
Calculate 7 + (-37 - -17) + 9.
-4
What is -17 + 31 + -2 + 3 + 12?
27
Calculate -4 + 27 + -26 + 19.
16
Calculate (-3 - -1 - -4) + (-59 - (-36 - 13)).
-8
Calculate 3 - 3 - (-22 + 5 + -19).
36
What is the value of 13 - (-7 - -18 - 8)?
10
Evaluate 0 + 5 + 7 + -4 + -2.
6
Evaluate 3 + (11 - -1) + (4 - 9 - 5).
5
What is the value of (-3 + 2 - -2) + -1 + (-272 - -275)?
3
-22 + 9 + 3 + 5
-5
What is the value of (-18 - -26 - -11) + -44?
-25
-4 + 10 + -12 + 6 + -5
-5
What is the value of 4 + -23 + (3 - 1)?
-17
What is the value of 27 + -34 + 25 + -31?
-13
Evaluate 5 - (-1 + 1) - (-4 - -7).
2
Evaluate -14 - 1 - (34 - 52).
3
Calculate 15 + -35 + 25 - (0 - (2 + -14)).
-7
Evaluate (-9 - 0 - -5) + (1 - -19).
16
Evaluate -7 - -13 - -1 - (-4 - 2).
13
What is the value of 27 - (-13 - (0 - 31))?
9
Calculate -3 - (-5 + -12 - -11 - (2 + 6)).
11
What is (-3 - (-14 + -11)) + -16?
6
What is the value of 9 - (6 + -5 + 4) - 1?
3
10 + (-15 - (10 - 15))
0
1 + 2 - (0 + (33 - 41))
11
What is 30 - (-6 + -26 + 34)?
28
Evaluate 82 - 68 - ((0 + 0 - 0) + 5).
9
Calculate (-8 - -18) + -6 - (-1 + (-2 - -3)).
4
(-62 - -53 - (-22 + 0)) + -5
8
2 + -1 - (-32 + -2 - -46)
-11
(19 - 23) + 27 + (-10 - -2) + 3
18
What is the value of -33 + 3 - -54 - -17?
41
What is 13 - (7 - -3) - 21 - (0 + -3)?
-15
Evaluate (27 - 2) + (-6 - -7) + -7 - 4.
15
What is the value of 7 + (-5 - 1) + -1 - 8 - -1?
-7
18 + -18 + (7 - (10 + (4 - 6)))
-1
Evaluate 4 - 15 - (-16 + 0 + 14).
-9
-4 - -14 - 35 - (23 + -24)
-24
Calculate 34 + -22 - -16 - 8.
20
(-17 - 1 - (-88 + 78)) + -1 + 15
6
What is -18 + -1 + 15 + -3 + 1?
-6
What is 11 - (-3 + 19 + -17)?
12
Evaluate (2 - 12) + 28 + -27 + (10 - 2).
-1
Evaluate 20 + -53 + 12 + 2.
-19
What is the value of -4 + -5 + (16 - 11)?
-4
0 - -6 - (-6 + 6)
6
Calculate (39 - (3 - -20)) + 9 + -19.
6
What is the value of 10 - (27 - (-1 + 10)) - -7?
-1
-5 + 6 - (7 + 3 - (-51 + 52))
-8
What is (3 - -2) + ((0 - -1) + 20 - 0)?
26
4 - 1 - (-31 + 20 + 18) - -3
-1
Evaluate (10 - 4) + (-1 + 6 + -19 - -3).
-5
Evaluate (-33 - 10) + 5 + 10.
-28
Calculate (1 - -2) + 2 + -4 + 7 + 2.
10
Evaluate 5 + -47 + (-188 - -207).
-23
-8 - ((-8 - 47) + 27)
20
Evaluate 0 - -11 - ((-8 - 26) + 32).
13
-2 + 7 + -14 + (-1 - 11)
-21
What is the value of (2 - -4) + 0 + 2 - 28 - -3?
-17
6 - (5 + (-4 - -4) + -10)
11
Evaluate 2 - -5 - (-6 + (-2 - (0 - 4))).
11
Evaluate 17 + (-38 - -2) + -1.
-20
Evaluate 6 + 0 + -1 + -5 - (-17 + 8).
9
-9 + -7 + -3 + 11 + (-6 - -4)
-10
Evaluate -19 + (0 - 1) + 0 - (-24 - -18).
-14
Calculate (-2 - 5) + 5 - (0 - 31).
29
What is the value of (-3 - 1) + (68 - 69) - -18?
13
Evaluate 19 + -18 + -1 + -1.
-1
What is the value of (-32 + 9 - -16 - (-1 - 6)) + -14?
-14
Calculate -38 - (-48 + (22 - -1)).
-13
Evaluate (-7 - -10 - -6) + -9.
0
What is the value of (-2 - -3) + 3 + (15 - 17) + -19?
-17
Calculate -543 + 469 - (-46 + 1).
-29
What is the value of 9 - (-10 + 5 + 23 + -8)?
-1
-4 + -2 + -6 + -17 + 18
-11
-1 + 8 + 2 + -25 + (4 - -15)
3
Evaluate -1 + (1 - 10 - (81 - 90)) + -15.
-16
-17 + (7 - (-3 + (3 - 0) + 4))
-14
What is (6 - 22) + -3 + 7?
-12
Evaluate (-52 - -26) + (5 - (-7 + 4)).
-18
Calculate -18 - (5 - (20 + 11)).
8
What is 0 - -42 - (322 + -301)?
21
12 + (1 - (0 + (3 - 2))) + -3
9
-1 + 6 + -6 - 7 - (-13 - -6)
-1
What is (-14 - (9 + -9)) + 9?
-5
(15 - 1) + (-7 - -3) + 8
18
(20 - 24 - (-14 - -1)) + (13 - -1)
23
Calculate -26 - (-89 + 17 - -36).
10
Calculate -9 + -9 - -21 - 7.
-4
What is the value of 5 + -4 + 10 + -12 - (1 + -4)?
2
What is the value of -14 + (7 + -6 - (0 - 0))?
-13
Evaluate 7 + (8 + -12 - -10) - -1.
14
What is 9 + -2 + -10 + 1 + 6 - 7?
-3
What is the value of 15 - (-7 + 5 + 3 + -7 + 11)?
10
Calculate -2 + (17 - 23) + -9.
-17
8 - (-10 - -9) - (3 - (-1 + -1))
4
Calculate -39 + (-7 - -4 - (3 - 16)) + -2.
-31
Evaluate (-6 - -1) + (8 + 11 - (-10 + 11)).
13
Calculate 2 - (5 + 9 + 7 + (-12 - 4)).
-3
What is the value of 5 + -26 + 84 + -57?
6
What is the value of -14 + (19 - (35 + -12))?
-18
What is 0 + (7 - (-9 + 25)) - -15?
6
Evaluate -1 - -5 - (10 - (22 - 6)) - 12.
-2
Evaluate (-46 - -43 - (-11 + 1)) + -7.
0
What is 10 + -2 + -11 + (22 - 14)?
5
Evaluate 15 + -35 + -1 + 1 + 0.
-20
Evaluate -5 - -2 - 0 - (30 + 6 - 56).
17
What is the value of -27 + (-39 - -5) + 42?
-19
-38 - (-23 + -7 + 10)
-18
Evaluate (11 - 3 - 7) + (-1 + 4 - 19).
-15
Calculate -2 + 22 + 62 + -94.
-12
Evaluate 0 - (-2 - (16 - 1)).
17
(-22 + -6 - 12) + 28
-12
18 + (-19 - (-5 - 5))
9
What is 4 + 1 - (-1 + (-13 - -5))?
14
What is the value of (1 - -5) + 11 + -19?
-2
Calculate -11 - (23 - -11 - 28).
-17
Calculate -30 - -10 - -2 - -31.
13
14 + 2 + (3 - 0) + -16 + 11
14
What is -6 + (-1 - -11 - (11 + -8)) - -5?
6
What is the value of 7 - 0 - (-60 - -56)?
11
23 + -6 + (-10 - -3)
10
What is -15 - ((5 - 5) + -8)?
-7
What is -27 - (19 - (-5 + 24))?
-27
Calculate 2 + (-15 + 24 - 0).
11
What is the value of 8 + -48 - (1 + -8) - (-16 - -11)?
-28
Evaluate (33 - 22) + 3 + -28.
-14
Evaluate -26 + (32 + -3 - -25).
28
What is the value of (-15 - -24) + -28 + 2 + 1?
-16
What is 32 - 19 - (-1 - -2)?
12
Evaluate -2 + 6 + 3 - (37 - 36).
6
-1 + (13 - (-3 + 3)) - (150 - 155)
17
Evaluate -15 + 37 - 18 - 22.
-18
Calculate (0 - -16) + -38 - (2 - 10).
-14
Calculate -5 - ((10 - (23 - 19)) + (1 - 13)).
1
What is -1 + 21 - ((13 - 8 - 0) + 2)?
13
Evaluate -5 + (-7 - -5) + -6.
-13
Evaluate 6 + -2 + -2 + 28 + -19.
11
What is (8 - (-6 + -9)) + -10?
13
0 - (6 - -7) - (2 + 11 - 12)
-14
Evaluate (0 - (18 - 9)) + (-18 - 2).
-29
2 + 11 - (45 + -44)
12
Calculate -1 - -1 - -1 - ((-36 - 15) + 44).
8
Calculate (-6 - -2) + -31 - (20 - 34).
-21
Evaluate -191 + 179 + (-1 - -3).
-10
What is -15 + -3 + 25 - -1?
8
Evaluate 17 + (-4 - (11 + -14)) + 2.
18
Calculate -43 + (14 - 12) - -19.
-22
What is the value of ((-17 - -9) + 12 - 15) + (1 - 1)?
-11
Evaluate -44 + (-1 - (12 - 32)).
-25
Evaluate -5 + 0 - (72 - 90).
13
Calculate 151 + -161 + (-1 - 1) + -3 + 1.
-14
What is the value of 5 - ((-15 - -16) + 16) - 26?
-38
-1704 + 1713 - (-1 - (-21 + 2))
-9
Calculate -7 - 1 - (4 + (-15 - 4)).
7
What is (1 - -2 - -2) + 1 + -4 + 10?
12
Calculate (-9 - (-25 + 17)) + 5 + 1.
5
What is the value of 0 + (2 - 3) - (-64 - -68) - 0?
-5
Evaluate (-8 - 1) + 23 - (9 - 0).
5
What is -41 - (35 - 97) - 6?
15
1 - (-9 + 12 + 6)
-8
Evaluate 8 + -3 + 2 + -16 - (-26 + -2).
19
What is the value of (21 - (22 - -11)) + 10?
-2
-38 + -17 + 53 + (-4 - 3 - 0)
-9
Evaluate (3 - (2 + -1)) + (12 - -1 - 19).
-4
What is -16 + (22 - -1) + -19?
-12
What is the value of (-14 - 1) + (144 - 147)?
-18
What is the value of 9 + (-11 - (2 - (8 - 5))) + 14?
13
What is the value of (-1 - -2) + 29 + (-127 - -123) - -1?
27
What is the value of -26 - 1 - (-21 - (2 + -2) - -11)?
-17
What is -5 + (0 + 0 + 6 - -3) - -6?
10
-4 + (20 - 4 - -2) - (-27 + 35)
6
Evaluate 15 + (17 + -18 - -11) + -17.
8
Calculate -3 + (-2 - (-3 + 9)) + 10.
-1
Evaluate -19 - -19 - (-4 - 2 - -1).
5
What is the value of 8 - -1 - (32 + -15) - -12?
4
What is 11 + -6 + 14 + -7?
12
What is -13 - 30 - -29 - -42?
28
What is 20 - -2 - (-12 - -26)?
8
1 + 8 + 2 + (80 - 76)
15
What is 14 + 2 - (77 + -68)?
7
-3 - 3 - (-29 + 17)
6
(-2 - (-15 + 6 + 15)) + -2
-10
Evaluate -6 + (-1 + 1 - -12) + 1956 + -1958.
4
What is 4 + (21 - 9 - (1 - -5)) + -4?
6
What is the value of -89 + 105 + (-40 + 3 - -3)?
-18
Evaluate 69 + 35 + (-30 - 40).
34
Evaluate 0 + (-1 - -6) - 0.
5
What is -2 - (2 - (10 - 3)) - -8?
11
What is the value of 0 - -4 - (-28 - -22 - -19)?
-9
What is 7 - 1 - (-15 - (-19 + 11))?
13
-7 - (100 - 93 - (-4 - 0))
-18
8 - (0 + 1 + (-9 - 3 - -10))
9
Evaluate -12 - (52 + -69 - (30 - -3)).
38
Wha